{"id":212,"date":"2022-08-12T14:05:28","date_gmt":"2022-08-12T14:05:28","guid":{"rendered":"https:\/\/kunskaparframtid.se\/?page_id=212"},"modified":"2022-08-12T14:35:46","modified_gmt":"2022-08-12T14:35:46","slug":"resan","status":"publish","type":"page","link":"https:\/\/kunskaparframtid.se\/?page_id=212","title":{"rendered":"Resan"},"content":{"rendered":"\n<p class=\"has-medium-font-size wp-block-paragraph\">V\u00e5rt f\u00f6rsta event gick av stapeln den 30 juli 2022, p\u00e5 dagen 100 \u00e5r efter att Helga Ekman l\u00e4mnade oss. Missa inte att teckna upp dig f\u00f6r v\u00e5rt nyhetsbrev s\u00e5 just du f\u00e5r vara med p\u00e5 Resan Ekman &amp; Ljungberg. V\u00e4lkommen!<\/p>\n\n\n\n<p class=\"wp-block-paragraph\"><\/p>\n\n\n\n<div style=\"padding:20px\" class=\"wp-block-tnp-minimal\"><p>Subscribe to our newsletter!<\/p><div><div class=\"tnp tnp-subscription-minimal \"><form action=\"https:\/\/kunskaparframtid.se\/?na=s\" method=\"post\"><input type=\"hidden\" name=\"nr\" value=\"minimal\"><input type=\"hidden\" name=\"nlang\" value=\"\"><input class=\"tnp-email\" type=\"email\" required name=\"ne\" value=\"\" placeholder=\"Email\"><input class=\"tnp-submit\" type=\"submit\" value=\"Jag f\u00f6ljer med p\u00e5 resan!\" style=\"background-color:\"><\/form><\/div>\n<\/div><\/div>\n\n\n\n<figure class=\"wp-block-image size-large\"><img loading=\"lazy\" decoding=\"async\" width=\"723\" height=\"1024\" src=\"http:\/\/kunskaparframtid.se\/wp-content\/uploads\/2022\/07\/Affisch-kunskap-ar-framtid-30-juli-2022-723x1024.png\" alt=\"\" class=\"wp-image-57\" srcset=\"https:\/\/kunskaparframtid.se\/wp-content\/uploads\/2022\/07\/Affisch-kunskap-ar-framtid-30-juli-2022-723x1024.png 723w, https:\/\/kunskaparframtid.se\/wp-content\/uploads\/2022\/07\/Affisch-kunskap-ar-framtid-30-juli-2022-212x300.png 212w, https:\/\/kunskaparframtid.se\/wp-content\/uploads\/2022\/07\/Affisch-kunskap-ar-framtid-30-juli-2022-768x1087.png 768w, https:\/\/kunskaparframtid.se\/wp-content\/uploads\/2022\/07\/Affisch-kunskap-ar-framtid-30-juli-2022-1085x1536.png 1085w, https:\/\/kunskaparframtid.se\/wp-content\/uploads\/2022\/07\/Affisch-kunskap-ar-framtid-30-juli-2022-1447x2048.png 1447w, https:\/\/kunskaparframtid.se\/wp-content\/uploads\/2022\/07\/Affisch-kunskap-ar-framtid-30-juli-2022.png 1684w\" sizes=\"auto, (max-width: 723px) 100vw, 723px\" \/><\/figure>\n","protected":false},"excerpt":{"rendered":"<p>V\u00e5rt f\u00f6rsta event gick av stapeln den 30 juli 2022, p\u00e5 dagen 100 \u00e5r efter att Helga Ekman l\u00e4mnade oss. Missa inte att teckna upp dig f\u00f6r v\u00e5rt nyhetsbrev s\u00e5 just du f\u00e5r vara med p\u00e5 Resan Ekman &amp; Ljungberg. V\u00e4lkommen!<\/p>\n","protected":false},"author":1,"featured_media":0,"parent":0,"menu_order":0,"comment_status":"closed","ping_status":"closed","template":"","meta":{"inline_featured_image":false,"footnotes":""},"class_list":["post-212","page","type-page","status-publish","hentry","entry"],"_links":{"self":[{"href":"https:\/\/kunskaparframtid.se\/index.php?rest_route=\/wp\/v2\/pages\/212","targetHints":{"allow":["GET"]}}],"collection":[{"href":"https:\/\/kunskaparframtid.se\/index.php?rest_route=\/wp\/v2\/pages"}],"about":[{"href":"https:\/\/kunskaparframtid.se\/index.php?rest_route=\/wp\/v2\/types\/page"}],"author":[{"embeddable":true,"href":"https:\/\/kunskaparframtid.se\/index.php?rest_route=\/wp\/v2\/users\/1"}],"replies":[{"embeddable":true,"href":"https:\/\/kunskaparframtid.se\/index.php?rest_route=%2Fwp%2Fv2%2Fcomments&post=212"}],"version-history":[{"count":4,"href":"https:\/\/kunskaparframtid.se\/index.php?rest_route=\/wp\/v2\/pages\/212\/revisions"}],"predecessor-version":[{"id":241,"href":"https:\/\/kunskaparframtid.se\/index.php?rest_route=\/wp\/v2\/pages\/212\/revisions\/241"}],"wp:attachment":[{"href":"https:\/\/kunskaparframtid.se\/index.php?rest_route=%2Fwp%2Fv2%2Fmedia&parent=212"}],"curies":[{"name":"wp","href":"https:\/\/api.w.org\/{rel}","templated":true}]}}

<p class="has-medium-font-size wp-block-paragraph">Vårt första event gick av stapeln den 30 juli 2022, på dagen 100 år efter att Helga Ekman lämnade oss. Missa inte att teckna upp dig för vårt nyhetsbrev så just du får vara med på Resan Ekman &amp; Ljungberg. Välkommen!</p>



<p class="wp-block-paragraph"></p>



<div style="padding:20px" class="wp-block-tnp-minimal"><p>Subscribe to our newsletter!</p><div><div class="tnp tnp-subscription-minimal "><form action="https://kunskaparframtid.se/?na=s" method="post"><input type="hidden" name="nr" value="minimal"><input type="hidden" name="nlang" value=""><input class="tnp-email" type="email" required name="ne" value="" placeholder="Email"><input class="tnp-submit" type="submit" value="Jag följer med på resan!" style="background-color:"></form></div>
</div></div>



<figure class="wp-block-image size-large"><img loading="lazy" decoding="async" width="723" height="1024" src="http://kunskaparframtid.se/wp-content/uploads/2022/07/Affisch-kunskap-ar-framtid-30-juli-2022-723x1024.png" alt="" class="wp-image-57" srcset="https://kunskaparframtid.se/wp-content/uploads/2022/07/Affisch-kunskap-ar-framtid-30-juli-2022-723x1024.png 723w, https://kunskaparframtid.se/wp-content/uploads/2022/07/Affisch-kunskap-ar-framtid-30-juli-2022-212x300.png 212w, https://kunskaparframtid.se/wp-content/uploads/2022/07/Affisch-kunskap-ar-framtid-30-juli-2022-768x1087.png 768w, https://kunskaparframtid.se/wp-content/uploads/2022/07/Affisch-kunskap-ar-framtid-30-juli-2022-1085x1536.png 1085w, https://kunskaparframtid.se/wp-content/uploads/2022/07/Affisch-kunskap-ar-framtid-30-juli-2022-1447x2048.png 1447w, https://kunskaparframtid.se/wp-content/uploads/2022/07/Affisch-kunskap-ar-framtid-30-juli-2022.png 1684w" sizes="auto, (max-width: 723px) 100vw, 723px" /></figure>

<p>Vårt första event gick av stapeln den 30 juli 2022, på dagen 100 år efter att Helga Ekman lämnade oss. Missa inte att teckna upp dig för vårt nyhetsbrev så just du får vara med på Resan Ekman &amp; Ljungberg. Välkommen!</p>
